 84.
76
Let s(m) be the third derivative of -m**6/120 + 2*m**5/15 - 13*m**4/24 + 3*m**3/2 + 14*m**2 - 1. Calculate the remainder when 41 is divided by s(5).
3
Let i = -76286 + 76295. Let y be 0 - (3 - 2)*-1. What is the remainder when (-2 - -37)*(1 + y) is divided by i?
7
Let c = 3274 + -3125. Calculate the remainder when c is divided by 17.
13
What is the remainder when 296 is divided by 2/6 + (-2880)/(-108)?
26
Let t(o) = 46*o**2 + 180*o - 3. What is the remainder when 76 is divided by t(-4)?
11
Suppose -2*a - 64 = 2*x - 328, 5*a = 4*x + 615. What is the remainder when 2791 is divided by a?
124
Suppose 13*f + 147 - 355 = 0. What is the remainder when 685 is divided by f?
13
Let i(j) = 25*j**2 + 45*j + 103. What is the remainder when 3728 is divided by i(-2)?
112
Suppose -23 = k + n, k = n + 3*n - 13. Let m = -21 - k. Suppose 0 = 5*z + 3*h - 155, -h = -m*h. Calculate the remainder when 91 is divided by z.
29
Suppose 0 = -5*q - 35 - 160. Let f = -45 - q. What is the remainder when 135/f*20/(-25) is divided by 7?
4
Let i be -715*(-1)/(14/(-8) + 3). Suppose -24*u = -37*u + i. Suppose 0 = d + 2*d - 45. What is the remainder when u is divided by d?
14
Let h = -1 - -8. Let k = -12244 - -12252. Calculate the remainder when k is divided by h.
1
Suppose -3*a + w + 27 = 0, -13 = -5*a - w + 24. Suppose 8*c + 32 = -a. Calculate the remainder when 83 is divided by c/(-10)*-8*-11.
39
Suppose 15*l - 1287 = 483. Let j = 247 - l. What is the remainder when j is divided by 28?
17
Let k(o) = -o**3 + 10*o**2 + 39*o - 7. Calculate the remainder when k(10) is divided by 17.
9
Suppose -33 - 7 = -4*b. Suppose -3*c - 287 = -b*c. Calculate the remainder when 367 is divided by c.
39
Let p(j) = j**3 - 7*j**2 + j + 149. Let u(v) = v**3 - 8*v**2 + 2*v + 152. Let o(y) = 3*p(y) - 2*u(y). What is the remainder when o(0) is divided by 9?
8
Let j = -51 + 54. Suppose -6*f + 15 = j. Suppose -37 - 21 = -f*k. Calculate the remainder when 41 is divided by k.
12
Let g be (18/15)/((-14)/(-5285)). Let p = -393 + g. Calculate the remainder when 189 is divided by p.
9
Let u(s) be the third derivative of -s**6/120 - 19*s**5/60 + s**4/24 + 19*s**3/3 - 136*s**2. Calculate the remainder when 54 is divided by u(-19).
16
Suppose 2*t = 5*t - 639. Let b = -6162 - -6216. Calculate the remainder when t is divided by b.
51
Let m = 94 - 33. Suppose 5*q - 326 = -5*i + 64, -5*q + 2*i = -369. Suppose 0 = q*y - 56*y - 304. What is the remainder when m is divided by y?
13
Calculate the remainder when 316 is divided by 665/105*(0 - -3) + 2.
1
Let f = 581 + -407. Let v = f + -168. What is the remainder when 41 is divided by v?
5
Let u(j) = -j**3 + 15*j**2 + 18*j - 38. What is the remainder when u(13) is divided by 27?
21
Let x(g) = 13*g**3 + g**2 + 4*g + 8. Calculate the remainder when x(3) is divided by 52.
16
Suppose -212*i + 8218 + 3866 = 0. Calculate the remainder when 1525 is divided by i.
43
Suppose 0 = 5*g - p - 391, 7*g = 3*g - p + 320. Suppose 3*n - 38 = g. What is the remainder when n is divided by 7?
4
Let f be ((-198)/(-24) + -9)*-4. Suppose -4*a - f*h + 78 = 0, 6*a + 4*h + 10 = 7*a. Let d(i) = -18*i - 1. What is the remainder when d(-3) is divided by a?
17
Suppose -86 = 106*z - 121*z + 139. Suppose -2*r = 3*r + 160. Let i = 50 + r. Calculate the remainder when i is divided by z.
3
Let t(w) = w**3 - 41*w**2 + 77*w + 479. What is the remainder when t(39) is divided by 428?
12
Calculate the remainder when (-1)/(-5) - (-23)/((-575)/(-78270)) is divided by 12.
11
Let j(h) = -39*h**3 + 2*h. Let x be j(-2). Suppose -777*i = -770*i - x. What is the remainder when i is divided by 6?
2
Suppose 0 = -2*d + 12, -5*g + 345 = -2*d + 7*d. What is the remainder when 278 is divided by g?
26
Let n be (-33)/44 - (-10646)/8. Let c = n - 803. What is the remainder when c is divided by 33?
32
Calculate the remainder when -140*5/2*(-31)/155 is divided by 45.
25
Let s = -83 - -77. Let p be s/(-9) + 2/(-3). Suppose p*v + 492 = 4*v. What is the remainder when v is divided by 18?
15
Let w = -84 - -299. Suppose 0 = 5*t + 4*q - 99, -4*q - 126 = -2*t - 64. What is the remainder when w is divided by t?
8
Suppose 0 = -71*w + 559 + 1221 - 218. Calculate the remainder when 994 is divided by w.
4
Suppose l + 3*k = 6*k, -2*l = -k. Suppose 5*u - 93 = 4*m, 3*u + 8*m - 3*m - 78 = l. What is the remainder when 103 is divided by u?
19
Let c = 279 + -274. Suppose 3*v + 3*w + 6 = 0, 5*v = -5*w + w - c. What is the remainder when v is divided by (-2)/(-10) - 9/(-5)?
1
Let y(d) = -5*d**3 - 175*d**2 - d + 28. Suppose -2*n + 5*n - 18 = 0. Suppose 80 = n*j - j. What is the remainder when y(-35) is divided by j?
15
Let p be (-7)/3 + (-5 - (-16)/3). Let s be -18*-2*(p + 3). Suppose 2*v = s + 10. What is the remainder when 68 is divided by v?
22
Let w = -262 - -414. Suppose -6595*c = -6593*c + 3*t - 77, 2*c - 99 = -5*t. What is the remainder when w is divided by c?
20
What is the remainder when 301 is divided by 21/(-9)*8217/(-581)?
4
Suppose -18*g + 7*g + 385 = 0. Suppose 2*s + 3 = g. Let v = -73 - -118. Calculate the remainder when v is divided by s.
13
Suppose 12*c - 966 = 3462. Suppose 5*w - 5 = 4*w. Calculate the remainder when 3116/c - (-8)/(-18) is divided by w.
3
Suppose -11 + 386 = 5*d. Let s = d - -34. Let j(h) = -3*h**3 - 74*h**2 + 23*h + 5. Calculate the remainder when s is divided by j(-25).
54
Let u = 151278 - 151259. Suppose -5*p = 0, -2*c - 5*p + 28 = 4. Calculate the remainder when u is divided by c.
7
Let w = -5089 - -21967. Calculate the remainder when w is divided by 17.
14
Suppose -1068 = 5*t + v - 4458, -678 = -t - v. Calculate the remainder when t is divided by 65.
28
Let l = -194 + 232. Suppose -50 = l*y - 126. What is the remainder when (-6)/(-4)*(-14)/(-3) is divided by y?
1
Suppose a + 5*v - 27 = -54, 3*v = -5*a + 85. Calculate the remainder when (46 + -2)*(-10)/(-4) is divided by a.
18
Let l = 28 - -6. Suppose 4*o - 3*p = 5*o - 441, 5*o = p + 2125. Let t = o + -423. What is the remainder when l is divided by t?
1
Suppose 4*f - r = -2*r - 870, -5*r + 424 = -2*f. Calculate the remainder when ((-93)/f)/((-1)/(-91)) is divided by 20.
19
Let q = -299 + 306. Suppose -60 = -11*h + q*h. What is the remainder when 131 is divided by h?
11
Let i(f) = 24*f**2 + 28*f - 288. What is the remainder when i(9) is divided by 49?
46
Let t(h) = -3*h**3 - 6*h**2 + 5*h - 5. Calculate the remainder when t(-7) is divided by 58.
57
Suppose -w + 0 = 3*n - 8, 2*w = 2*n - 8. Suppose n*f - 3*a + 271 = 40, -5*f + 3*a - 387 = 0. Let v = f - -91. Calculate the remainder when 50 is divided by v.
11
Let c be (-2)/((2/(-3))/1). Let h = c + -2. Suppose -1258*y + 6924 = -104*y. What is the remainder when y is divided by h?
0
Suppose -95 = -t - 5*o, -12*t - 5*o = -7*t - 575. What is the remainder when t is divided by 103?
17
Suppose -3*x + 4*x = -2*w + 7, -2*x + 16 = 5*w. Suppose 5*z - 69 = w*z + 2*c, 5*z - 4*c - 115 = 0. What is the remainder when z is divided by 21?
2
Let l be (154/(-70))/((-6)/(-10))*-18. Suppose 2*i = -3*s + 80, -2*s - i + l = -6*i. Let v = -83 - -192. What is the remainder when v is divided by s?
25
Suppose 39 = -280*i + 311*i - 550. Calculate the remainder when i is divided by 10.
9
Suppose 0 = 8*q + 9*q - 102. What is the remainder when (-1)/(((-1)/(-492)*q)/(-3)) is divided by 36?
30
Suppose 0 = -4*w + 5*n + 1458, 4*n = -w + 8 + 346. Calculate the remainder when w is divided by 61.
57
Let w be ((-3)/6)/((-5)/110). Suppose 204 = w*h - 5*h. What is the remainder when 94 is divided by h?
26
Let x = 4160 - 166. Calculate the remainder when x is divided by 47.
46
Let r = -4600 + 5285. Calculate the remainder when r is divided by 69.
64
Suppose -5 = -r + 2*z, 0*r + 3 = -5*r + 3*z. Let x be 1*0/r*1. What is the remainder when 20 is divided by -1 + x - (-1 + -11)?
9
Let c be 10/(3*(-8)/12). Let w(a) = 14*a - 5. Let p(i) = 21*i - 7. Let u(f) = -5*p(f) + 7*w(f). Calculate the remainder when u(c) is divided by 14.
7
Let m(c) = -9*c**2 + 2*c + 1. Let f be m(1). Let q be 8/f - (-180)/54. What is the remainder when (q - (4 - 0))*-26 is divided by 18?
16
Let w(t) = -2*t + 20. Let y = 108 + -133. Calculate the remainder when w(y) is divided by (-41)/(-5) + 2/(-10).
6
Let g = -164 - 16. Let t = 199 + g. What is the remainder when 187 is divi